 + 22*t + 56. What is r(24)?
8
Let p(m) = 6*m + 20. Determine p(0).
20
Let x(i) = 22*i + 5. What is x(3)?
71
Let t(u) = -2*u**2 - 16*u - 17. Determine t(-5).
13
Let v(t) = -9*t**2 - 10*t + 5. Determine v(-2).
-11
Let v(s) = -s**3 - 8*s**2 - 8*s + 5. Determine v(-6).
-19
Let o(n) = n**2 - 22*n + 83. Determine o(17).
-2
Let z(j) = -j**3 + 38*j**2 + 82*j - 87. Calculate z(40).
-7
Let l(a) = 2*a**3 + 2*a**2 + 2*a + 3. What is l(-2)?
-9
Let c(d) = d**2 - 17*d - 28. What is c(16)?
-44
Let n(l) = -l**2 - 15. What is n(0)?
-15
Let q(r) = r**3 - 2*r**2 - 10*r + 8. Determine q(4).
0
Let l(v) = 3*v - 7. Calculate l(-5).
-22
Let c(t) = -t**3 - t**2 + 2*t + 1. Determine c(2).
-7
Let q(m) = -5*m - 7. Calculate q(5).
-32
Let p(s) = -s**2 + 30*s - 61. Calculate p(25).
64
Let v(c) = -c**2 - 65*c - 382. Determine v(-7).
24
Let l(g) = g**3 + 9*g**2 - 2*g + 3. Give l(-9).
21
Let b(r) = r**2 - 27*r - 202. What is b(33)?
-4
Let g(v) = 10*v - 43. Determine g(5).
7
Let m(l) = -12*l**2 - 3*l + 8. Determine m(2).
-46
Let y(u) = -5*u + 3. Calculate y(2).
-7
Let q(g) = 3*g**2 + 5*g - 2. What is q(2)?
20
Let s(t) = t**3 - 49*t**2 - 57*t + 353. Calculate s(50).
3
Let y(q) = -q**2 - 2*q + 6. Determine y(-8).
-42
Let t(v) = -7*v**2 + 9*v + 1. What is t(3)?
-35
Let h(z) = -31*z. Calculate h(-1).
31
Let g(q) = -q**3 - 11*q**2 - 24*q + 2. Give g(-6).
-34
Let f(n) = -n**2 - 25*n - 56. Calculate f(-23).
-10
Let b(k) = k**2 + 25*k + 125. Calculate b(-6).
11
Let q(v) = v**2 + 10*v + 8. What is q(-8)?
-8
Let d(m) = m**3 + 2*m**2 - 7*m - 7. What is d(4)?
61
Let t(r) = -2*r**2 + 4*r + 1. Give t(3).
-5
Let l(k) = -12*k + 96. Give l(11).
-36
Let y(s) = s**3 - 13*s**2 - 19*s + 9. Calculate y(14).
-61
Let f(l) = 13*l**2 - 2*l - 2. Determine f(2).
46
Let b(c) = -c**3 + 12*c**2 - 8. Give b(12).
-8
Let z(v) = 7*v**3 + 2*v**2 - 2. Determine z(-1).
-7
Let x(q) = -17*q**2 + 1. Give x(-1).
-16
Let w(t) = 25*t**2 - 97*t + 6. Give w(4).
18
Let q(j) = 6*j + 48. Calculate q(-7).
6
Let v(h) = -41*h + 3. Determine v(1).
-38
Let y(h) = -2*h + 16. Determine y(7).
2
Let y(s) = -s**2 - 4*s + 7. Give y(-6).
-5
Let v(i) = -3*i + 36. Calculate v(-5).
51
Let r(w) = -4*w**2 + 2*w - 3. What is r(1)?
-5
Let r(y) = -y**3 - 11*y**2 - 21*y + 6. What is r(-9)?
33
Let f(p) = p**2 - 9*p + 16. Determine f(8).
8
Let y(x) = -34*x**3 - x**2 + x + 1. Determine y(-1).
33
Let r(q) = -6*q**2 - 118*q + 24. Give r(-20).
-16
Let q(z) = -z**3 - 20*z**2 + 23*z + 29. What is q(-21)?
-13
Let b(f) = 4*f + 7. What is b(6)?
31
Let g(b) = -b**3 + 15*b**2 + 20*b - 59. Calculate g(16).
5
Let t(x) = 5*x + 22. Determine t(-5).
-3
Let r(x) = -3*x**2 + 22*x - 9. Determine r(4).
31
Let k(i) = i**2 + 3*i - 19. Calculate k(-6).
-1
Let i(q) = 19*q - 1. Calculate i(-1).
-20
Let y(a) = -a + 6. Give y(-7).
13
Let t(q) = 7*q - 2. What is t(2)?
12
Let g(v) = -2*v**3 + 9*v**2 - 9*v - 3. Give g(2).
-1
Let h(a) = -a**3 - 9*a**2 - 17*a + 2. Give h(-7).
23
Let t(j) = -7*j + 30. Calculate t(12).
-54
Let v(m) = m - 7. Give v(-6).
-13
Let d(r) = r**2 - 9*r - 8. Give d(10).
2
Let b(h) = h**2 - 6*h + 4. Determine b(3).
-5
Let k(f) = -f + 21. Calculate k(13).
8
Let k(t) = 2*t + 9. What is k(4)?
17
Let p(s) = -s**2 - 16*s. What is p(0)?
0
Let q(r) = 5*r - 17. Calculate q(4).
3
Let h(r) = -r**3 - 11*r**2 + 10*r - 8. Calculate h(-12).
16
Let a(d) = -2*d - 10. What is a(-9)?
8
Let n(m) = m**2 + 9*m - 17. Determine n(-8).
-25
Let c(l) = 3*l - 56. Determine c(20).
4
Let d(n) = n**2 + 60*n - 118. Calculate d(2).
6
Let f(m) = -m**3 - 7*m**2 - 9*m + 5. Give f(-5).
0
Let i(c) = -c. What is i(8)?
-8
Let j(p) = -4*p - 8. Determine j(-4).
8
Let c(m) = -m**3 - 6*m**2 - 3*m + 6. Calculate c(-6).
24
Let k(r) = -2*r**2 + 2*r - 5. Give k(4).
-29
Let s(l) = -l**3 - 7*l**2 + l - 20. What is s(-7)?
-27
Let w(r) = 28*r**2 + 2*r + 1. Give w(-1).
27
Let u(y) = -2*y - 12. Determine u(3).
-18
Let p(a) = -a + 9. Give p(10).
-1
Let o(j) = j**3 + j**2 - j. Calculate o(0).
0
Let s(a) = -3*a**2 - a + 8. Determine s(2).
-6
Let o(c) = c**3 + 3*c**2 + 2*c. Give o(-3).
-6
Let c(b) = -b**3 - 17*b**2 - 15*b + 23. Give c(-16).
7
Let m(b) = 2*b**2 + 12*b + 16. Give m(-8).
48
Let s(c) = c**2 + c - 83. What is s(-9)?
-11
Let o(x) = 18*x + 534. Determine o(-30).
-6
Let z(n) = -n**2 - 4*n + 6. What is z(-4)?
6
Let n(v) = -3*v**2 + 23*v + 14. What is n(8)?
6
Let z(g) = g**3 + g**2 - 2*g - 63. Calculate z(0).
-63
Let s(l) = l**2 + 18*l - 7. Determine s(-16).
-39
Let y(q) = q**2 - 15*q - 11. Calculate y(15).
-11
Let l(t) = t**2 - 5*t + 5. What is l(4)?
1
Let f(u) = u**3 + 3*u**2 + 6*u - 5. Give f(-5).
-85
Let p(t) = 9*t + 306. Give p(-35).
-9
Let h(i) = -i**2 - 8*i - 1. What is h(-5)?
14
Let b(s) = -13*s - 4. Determine b(-4).
48
Let a(r) = 4*r**2 - 3*r - 3. Give a(3).
24
Let c(n) = n**2 - 5*n + 2. Calculate c(4).
-2
Let w(k) = -k**3 + 44*k**2 - 362*k - 32. Determine w(33).
1
Let a(k) = -5*k - 61. What is a(-10)?
-11
Let c(t) = -8*t**2 - 4*t - 3. Give c(-1).
-7
Let q(r) = -r**2 + r + 300. Determine q(-17).
-6
Let d(g) = g**3 + 15*g**2 + 43*g - 2. Give d(-4).
2
Let y(m) = -m**3 - 7*m**2 - 5*m + 5. Determine y(-6).
-1
Let z(g) = 9*g**2 - 2*g + 1. Give z(1).
8
Let f(r) = r**2 - 9*r + 18. Determine f(3).
0
Let j(a) = -a**3 + a + 82. Determine j(0).
82
Let z(o) = -2*o + 3. Calculate z(20).
-37
Let u(b) = -b**3 - 6. What is u(-5)?
119
Let n(p) = -p**3 + 12*p**2 - 12*p + 18. Determine n(11).
7
Let l(z) = -2*z**2 - 11*z - 5. What is l(-4)?
7
Let n(i) = -20*i - 61. Give n(-6).
59
Let y(c) = 9*c + 44. Calculate y(-5).
-1
Let a(x) = 70*x - 3. Give a(1).
67
Let s(c) = -118*c**3 + 2*c**2 - c. Calculate s(1).
-117
Let f(o) = -o**2 + 19*o + 25. Calculate f(20).
5
Let p(z) = z**2 - 44*z + 168. Give p(40).
8
Let d(p) = p**3 + 11*p**2 - 16*p + 15. What is d(-12)?
63
Let i(z) = -3*z - 7. Determine i(6).
-25
Let z(q) = -2*q**2 + 4*q - 1. Give z(-5).
-71
Let j(t) = -14*t**2 - 10*t + 11. Calculate j(1).
-13
Let h(y) = y + 3. Determine h(-3).
0
Let l(v) = -v + 10. Determine l(-8).
18
Let k(s) = s**2 + 3. Give k(-4).
19
Let l(g) = -53*g + 22. What is l(2)?
-84
Let l(d) = 4*d + 45. What is l(-16)?
-19
Let w(b) = b**3 + 43*b**2 + 83*b + 40. Determine w(-41).
-1
Let c(x) = x**3 + 4*x**2 + 4*x + 2. What is c(-2)?
2
Let k(t) = t**2 + 4*t + 1. What is k(-2)?
-3
Let x(p) = 3*p**3 + 16*p**2 + 25*p + 1. Determine x(-2).
-9
Let j(w) = w**2 + 7*w - 16. Calculate j(5).
44
Let b(w) = w**2 + 2*w. Determine b(-2).
0
Let m(q) = -q**2 - 2*q + 49. Determine m(-8).
1
Let b(k) = -k**3 - k + 5. Determine b(0).
5
Let s(v) = v**3 - 28*v**2 - 67*v + 1096. Determine s(29).
-6
Let u(d) = -d**2 + 10*d + 86. What is u(-6)?
-10
Let i(y) = -y - 22. Determine i(-7).
-15
Let u(a) = -2*a**2 - 5*a + 10. Give u(-7).
-53
Let y(l) = -3*l - 2. Give y(1).
-5
Let q(x) = -x**2 - x + 1. Determine q(-3).
-5
Let x(h) = h**2 - 5*h - 5. Calculate x(-3).
19
Let s(y) = y**2 - 5*y - 6. What is s(4)?
-10
Let d(f) = -f + 47. Determine d(28).
19
Let x(q) = -q**2 - 6*q - 9. What is x(-5)?
-4
Let q(t) = -t**3 + 7*t**2 - 9*t + 3. Calculate q(6).
-15
Let v(o) = -52*o + 11. Give v(2).
-93
Let a(z) = -z**2 + 8*z + 17. Determine a(7).
24
Let w(y) = y**3 + 23*y**2 + 2*y + 55. What is w(-23)?
9
Let i(p) = -3*p + 2. Determine i(-4).
14
Let i(g) = -3*g**2 - 37*g + 63. Give i(-14).
-7
Let y(k) = k**3 + 6*k**2 - 6*k - 10. Give y(-7).
-17
Let n(r) = -5*r - 4. Determine n(6).
-34
Let j(c) = 2*c**2 - 12*c - 9. Determine j(7).
5
Let p(f) = 2*f**2 - 7*f + 5. What is p(6)?
35
Let j(k) = k - 17. Determine j(6).
-11
Let v(m) = -2*m**2 - 11*m - 7. Give v(-4).
5
Let k(a) = a - 25. Determine k(22).
-3
Let d(b) = -6*b - 3. Calculate d(-4).
21
Let k(g) = -2*g**3 - 15*g**2 - 10*g + 5. What is k(-7)?
26
Let d(z) = z**3 - 9*z**2 + z - 6. Calculate d(8).
-62
Let l(p) = 2*p**2 + 5*p + 3. Give l(-3).
6
Let g(k) = k**2 - 18*k - 18. Determine g(18).
-18
Let v(a) = -a**2 + 3*a - 1. Give v(3).
-1
Let o(m) = m + 34. What is o(-29)?
5
Let h(v) = -v**3 - 8*v**2 - 9*v + 8. What is h(-7)?
22
Let n(f) = f**3 + f**2 - 2*f - 4. Calculate n(-1).
-2
Let v(u) = -2*u**2 - 10*u - 2. Give v(-7).
-30
Let q(l) = -l**3 + 6*l**2 + 7*l - 1. What is q(7)?
-1
Let k(m) = 9*m**2 + 2*m + 1. Calculate k(-1).
8
Let y(s) = s**3 + 5*s**2 + 2*s - 3. Determine y(-4).
5
Let i(s) = -s**3 + 5*s**2 + 2*s + 22. What is i(6)?
-2
Let t(i) = i**2 + 1